2, 439
What are the prime factors of 7928?
2, 991
List the prime factors of 22869.
3, 7, 11
What are the prime factors of 1927?
41, 47
List the prime factors of 1670.
2, 5, 167
List the prime factors of 5695.
5, 17, 67
List the prime factors of 127755.
3, 5, 17, 167
What are the prime factors of 1177?
11, 107
What are the prime factors of 10717?
7, 1531
What are the prime factors of 242?
2, 11
What are the prime factors of 346?
2, 173
List the prime factors of 22754.
2, 31, 367
What are the prime factors of 4847?
37, 131
What are the prime factors of 320?
2, 5
What are the prime factors of 8033?
29, 277
List the prime factors of 123753.
3, 7, 71, 83
List the prime factors of 9351.
3, 1039
List the prime factors of 19432.
2, 7, 347
What are the prime factors of 350?
2, 5, 7
List the prime factors of 8962.
2, 4481
List the prime factors of 707.
7, 101
What are the prime factors of 981?
3, 109
List the prime factors of 2020.
2, 5, 101
What are the prime factors of 115453?
13, 83, 107
What are the prime factors of 5157?
3, 191
List the prime factors of 1509.
3, 503
List the prime factors of 2234.
2, 1117
What are the prime factors of 39128?
2, 67, 73
List the prime factors of 7153.
23, 311
List the prime factors of 4673.
4673
List the prime factors of 1221.
3, 11, 37
What are the prime factors of 1325?
5, 53
What are the prime factors of 1302?
2, 3, 7, 31
List the prime factors of 4791.
3, 1597
List the prime factors of 76662.
2, 3, 4259
List the prime factors of 16956.
2, 3, 157
What are the prime factors of 2456?
2, 307
List the prime factors of 858.
2, 3, 11, 13
List the prime factors of 15680.
2, 5, 7
What are the prime factors of 7549?
7549
What are the prime factors of 7612?
2, 11, 173
List the prime factors of 11790.
2, 3, 5, 131
List the prime factors of 972.
2, 3
List the prime factors of 7216.
2, 11, 41
List the prime factors of 2106.
2, 3, 13
List the prime factors of 428.
2, 107
What are the prime factors of 2313?
3, 257
List the prime factors of 157035.
3, 5, 19, 29
What are the prime factors of 16780?
2, 5, 839
List the prime factors of 15052.
2, 53, 71
What are the prime factors of 271?
271
What are the prime factors of 5482?
2, 2741
List the prime factors of 65.
5, 13
What are the prime factors of 12684?
2, 3, 7, 151
List the prime factors of 941.
941
What are the prime factors of 40149?
3, 1487
What are the prime factors of 3005?
5, 601
What are the prime factors of 1239?
3, 7, 59
List the prime factors of 8328.
2, 3, 347
List the prime factors of 219.
3, 73
What are the prime factors of 1310?
2, 5, 131
List the prime factors of 58883.
11, 53, 101
What are the prime factors of 105870?
2, 3, 5, 3529
What are the prime factors of 29572?
2, 7393
What are the prime factors of 24036?
2, 3, 2003
List the prime factors of 10366.
2, 71, 73
List the prime factors of 247.
13, 19
List the prime factors of 4247.
31, 137
List the prime factors of 440.
2, 5, 11
What are the prime factors of 265?
5, 53
List the prime factors of 6705.
3, 5, 149
What are the prime factors of 5114?
2, 2557
List the prime factors of 3212.
2, 11, 73
List the prime factors of 723.
3, 241
What are the prime factors of 654?
2, 3, 109
What are the prime factors of 18282?
2, 3, 11, 277
List the prime factors of 11430.
2, 3, 5, 127
What are the prime factors of 39070?
2, 5, 3907
What are the prime factors of 2650?
2, 5, 53
What are the prime factors of 7190?
2, 5, 719
List the prime factors of 61181.
193, 317
List the prime factors of 30980.
2, 5, 1549
List the prime factors of 955.
5, 191
What are the prime factors of 43628?
2, 13, 839
What are the prime factors of 612?
2, 3, 17
List the prime factors of 5190.
2, 3, 5, 173
List the prime factors of 871.
13, 67
What are the prime factors of 847?
7, 11
List the prime factors of 48736.
2, 1523
List the prime factors of 226.
2, 113
List the prime factors of 3795.
3, 5, 11, 23
What are the prime factors of 33627?
3, 11, 1019
List the prime factors of 6290.
2, 5, 17, 37
List the prime factors of 349.
349
List the prime factors of 204.
2, 3, 17
What are the prime factors of 1327?
1327
List the prime factors of 9704.
2, 1213
List the prime factors of 1484.
2, 7, 53
What are the prime factors of 22550?
2, 5, 11, 41
What are the prime factors of 4258?
2, 2129
List the prime factors of 30784.
2, 13, 37
List the prime factors of 2992.
2, 11, 17
List the prime factors of 10834.
2, 5417
List the prime factors of 14940.
2, 3, 5, 83
List the prime factors of 1861.
1861
What are the prime factors of 13117?
13, 1009
List the prime factors of 63842.
2, 137, 233
What are the prime factors of 36423?
3, 19, 71
What are the prime factors of 670?
2, 5, 67
What are the prime factors of 120592?
2, 7537
List the prime factors of 76126.
2, 17, 2239
What are the prime factors of 1874?
2, 937
List the prime factors of 441.
3, 7
List the prime factors of 216.
2, 3
List the prime factors of 4001.
4001
What are the prime factors of 4050?
2, 3, 5
What are the prime factors of 5650?
2, 5, 113
What are the prime factors of 35797?
35797
List the prime factors of 16489.
11, 1499
List the prime factors of 3806.
2, 11, 173
List the prime factors of 13018.
2, 23, 283
What are the prime factors of 869?
11, 79
List the prime factors of 300.
2, 3, 5
What are the prime factors of 54036?
2, 3, 19, 79
What are the prime factors of 134212?
2, 13, 29, 89
What are the prime factors of 61267?
197, 311
List the prime factors of 3225.
3, 5, 43
What are the prime factors of 697?
17, 41
List the prime factors of 5049.
3, 11, 17
List the prime factors of 1800.
2, 3, 5
What are the prime factors of 9648?
2, 3, 67
List the prime factors of 46393.
17, 2729
What are the prime factors of 1890?
2, 3, 5, 7
What are the prime factors of 17969?
7, 17, 151
List the prime factors of 1495.
5, 13, 23
List the prime factors of 15902.
2, 7951
What are the prime factors of 17672?
2, 47
List the prime factors of 782.
2, 17, 23
What are the prime factors of 616?
2, 7, 11
List the prime factors of 1530.
2, 3, 5, 17
List the prime factors of 61781.
61781
What are the prime factors of 17642?
2, 8821
List the prime factors of 9203.
9203
List the prime factors of 1042.
2, 521
List the prime factors of 12237.
3, 4079
What are the prime factors of 10964?
2, 2741
List the prime factors of 175.
5, 7
What are the prime factors of 3797?
3797
List the prime factors of 143604.
2, 3, 3989
What are the prime factors of 765?
3, 5, 17
List the prime factors of 5327.
7, 761
What are the prime factors of 656?
2, 41
What are the prime factors of 63960?
2, 3, 5, 13, 41
What are the prime factors of 2918?
2, 1459
What are the prime factors of 17136?
2, 3, 7, 17
List the prime factors of 48.
2, 3
What are the prime factors of 18592?
2, 7, 83
List the prime factors of 14811.
3, 4937
What are the prime factors of 1903?
11, 173
List the prime factors of 1046.
2, 523
List the prime factors of 1306.
2, 653
What are the prime factors of 55849?
55849
What are the prime factors of 7662?
2, 3, 1277
List the prime factors of 1942.
2, 971
List the prime factors of 3757.
13, 17
What are the prime factors of 1055?
5, 211
List the prime factors of 101358.
2, 3, 1877
List the prime factors of 40643.
97, 419
List the prime factors of 11259.
3, 139
What are the prime factors of 12033?
3, 7, 191
What are the prime factors of 39327?
3, 13109
What are the prime factors of 145338?
2, 3, 24223
What are the prime factors of 1268?
2, 317
List the prime factors of 25071.
3, 61, 137
List the prime factors of 1286.
2, 643
What are the prime factors of 8883?
3, 7, 47
What are the prime factors of 1457?
31, 47
List the prime factors of 20.
2, 5
What are the prime factors of 20711?
139, 149
What are the prime factors of 2344?
2, 293
What are the prime factors of 151?
151
List the prime factors of 57799.
7, 23, 359
What are the prime factors of 152?
2, 19
What are the prime factors of 8679?
3, 11, 263
What are the prime factors of 9713?
11, 883
List the prime factors of 923.
13, 71
What are the prime factors of 2615?
5, 523
List the prime factors of 169.
13
List the prime factors of 15446.
2, 7723
List the prime factors of 18124.
2, 23, 197
What are the prime factors of 2187?
3
List the prime factors of 25230.
2, 3, 5, 29
What are the prime f